 534. What are the prime factors of z?
89
Let z = 979 - -199. Suppose 2*g = -5*l + z, -4*l + 2*l + 1767 = 3*g. What are the prime factors of g?
19, 31
Suppose -2*z = -0 - 4. Suppose -4 = 4*x + 12, 0 = 5*j - z*x - 663. Suppose t = -y + 128, y - 2*y = 4*t - j. List the prime factors of y.
127
Let n = -53 - -111. Let i = n - 49. Suppose 8*s + 79 = i*s. List the prime factors of s.
79
Let f(u) = u**2 + 10*u - 18. Let b be f(-13). Let n = -19 + b. Suppose 1 + 2 = -3*t, 0 = n*x - 2*t - 56. List the prime factors of x.
3
Let i(b) = b**3 - 15*b**2 - 11*b - 8. Let l be i(12). Suppose v + 4*p = -14, 32 = -2*v + v + 2*p. What are the prime factors of (-11)/(l/8) + (-2986)/v?
5, 23
Let h(w) = 3*w**2 - w + 493. List the prime factors of h(41).
5, 7, 157
Let r(l) = l**3 - 40*l**2 - 40*l - 16. Let j(i) = i**3 - 42*i**2 - 39*i - 15. Let t(f) = 3*j(f) - 4*r(f). What are the prime factors of t(34)?
1481
Let b be -5 - (2/4 + 152/(-16)). Suppose 5*o - b*r = 220, -4*o + 177 = -3*r + 2. List the prime factors of o.
2, 5
Let m(q) be the first derivative of -q**4/4 - 31*q**3/3 - 9*q**2/2 + 44*q - 33. What are the prime factors of m(-31)?
17, 19
Suppose 0 = -2*n - 3*w + 2, 2 = -n - 3*w. What are the prime factors of n/(-6) + (-911)/(-3)?
3, 101
List the prime factors of 2550*(14/(-10) + 348/120).
3, 5, 17
Let g(f) = -4*f**2 + 11*f + 3. Let p(z) = -3*z**2 + 10*z + 3. Let b(q) = 4*g(q) - 5*p(q). Let l be b(-6). What are the prime factors of l/(-18) - 1078/(-12)?
2, 3, 5
Let x(r) = 32*r**2 - 22*r + 16. List the prime factors of x(-8).
2, 5, 7
Let u = 8019 + 8625. List the prime factors of u.
2, 3, 19, 73
Suppose -315 = m - 320. Suppose 18*c = -3*b + 21*c + 753, 5 = -m*c. List the prime factors of b.
2, 5
Let z(b) = b**2 - 28*b + 150. Let s be z(7). Suppose 2*p - 10 = 0, -2*u - s*p = -6*p - 229. What are the prime factors of u?
2, 61
Let f = -17531 - -41397. What are the prime factors of f?
2, 11933
Suppose -852*p + 4*w - 70988 = -857*p, -56782 = -4*p + w. What are the prime factors of p?
2, 3, 7, 13
Let p(x) = 7*x + 10. Suppose 2*i = 6*i - 24. Suppose -i + 14 = 4*j. List the prime factors of p(j).
2, 3
Suppose 4*o - 32 = 4*c, -16*c + 15*c + 36 = 3*o. Suppose o*g = 1836 + 9923. What are the prime factors of g?
1069
Suppose 28*g - 720 = 34*g. Let y = 399 - g. What are the prime factors of y?
3, 173
Suppose 0*m = m - 9. Let p be -8 + m + 1 + -132. Let f = 201 + p. What are the prime factors of f?
71
Let g be (110/(-66))/((-1)/(-3)). Let z be (-116 + g)/(2/(-2)). Suppose -3*i = -3*n - 2*i + z, 2*i - 31 = -n. What are the prime factors of n?
3, 13
Suppose -4*y + 4*k - 6 = 6, 4*k - 18 = y. Suppose -6*p = -y*p - 8, 6929 = 5*l + 2*p. What are the prime factors of l?
5, 277
List the prime factors of 22454/(((-195)/26)/(-15)).
2, 103, 109
Suppose j - 87 = 151. Let w = 138 - j. Let r = 226 + w. List the prime factors of r.
2, 3, 7
Let d(q) = 19169*q + 270. What are the prime factors of d(2)?
2, 19, 127
Suppose -128*b = -146*b + 6498. List the prime factors of b.
19
Suppose 2*w - 2052 = -0*w. Let a be (8/(-36))/(64/(-2880)). Suppose 16*d = a*d + w. List the prime factors of d.
3, 19
Suppose 0*h + 4*h - 12 = 0. Suppose 6*d - 15 = -h. Suppose 0 = -d*t + t + 37. List the prime factors of t.
37
Let q = -349 + 750. Let g = q - 78. List the prime factors of g.
17, 19
Let v = 265 + -213. What are the prime factors of ((-300)/(-24))/(-1*(-2)/v)?
5, 13
Suppose 3*z - 136 = 4*k, 7*z = 2*z + 2*k + 250. Let f = -66 + z. Let j(w) = -11*w - 1. What are the prime factors of j(f)?
3, 17
Let w = -14175 + 25369. What are the prime factors of w?
2, 29, 193
Let u = -33523 + 48431. What are the prime factors of u?
2, 3727
Suppose -14*w + 16*w - 35742 = 3*o, 53561 = 3*w + 2*o. What are the prime factors of w?
3, 5953
Suppose 5*l - 6 = 3*q + 2*l, 2*q = -5*l + 24. Let p be 7 + -4*(9/(-6) + q). Suppose p*r = -h + 162, -4*h = -3*r - 0*r - 694. List the prime factors of h.
2, 43
Suppose 5*z - 9*z - 5*n + 29211 = 0, 2*n = -4*z + 29214. List the prime factors of z.
2, 11, 83
Let n(z) = -148*z + 6020. List the prime factors of n(0).
2, 5, 7, 43
Let u(q) = 163*q**3 + 4*q**2 + 36*q - 273. List the prime factors of u(5).
2, 3, 43, 79
What are the prime factors of (2/7)/((-1)/(-191602)) + (-1212)/(-2121)?
2, 3, 2281
Suppose -4*a + 4*l = -28, -4*a + 4*l = -9*a - 10. Suppose -a*h = -t + 84, -t + 464 = 4*t + h. What are the prime factors of t?
2, 23
Suppose -17*i + 9811 = -16*i - 4*j, 3*j = 3*i - 29415. What are the prime factors of i?
9803
Let z(r) = r + 16. Let d be z(10). Suppose -5*c - 301 + d = 0. List the prime factors of (-1958)/c - (-4)/10.
2, 3
Suppose -2*q + 6 = 5*y, -3*q + 6 = -y - q. Suppose 0 = -6799*o + 6800*o - 16. Suppose o*r = 192 - y. What are the prime factors of r?
2, 3
Let y = 161 - 5. Let a be 3/6*1*y. What are the prime factors of a/(-9)*15/(-2)?
5, 13
Let s = 9556 + 9519. List the prime factors of s.
5, 7, 109
Let k(b) = -10*b - 30. Let j be k(-9). Let i = j + -35. Suppose 0 = i*m - 26*m + 41. What are the prime factors of m?
41
Let i be (-1 - 1) + 42/7. Suppose -121 - 1218 = -i*w + 5*j, -2*w + 702 = 4*j. What are the prime factors of w?
11, 31
Suppose -2*o + 269 = -133. Suppose -5*j = s - 302, -2*j + o + 113 = s. List the prime factors of s.
2, 7, 23
Suppose 640 = 3*v + 37*v. Suppose -v*x = -14*x - 1848. List the prime factors of x.
2, 3, 7, 11
Let k = 579 - 1801. Let t = k - -2636. List the prime factors of t.
2, 7, 101
Let s(u) = -696*u - 3800. What are the prime factors of s(-52)?
2, 4049
Suppose -16*m = 398 + 130. Let z(d) = -61*d - 308. List the prime factors of z(m).
5, 11, 31
Let y(r) = -2*r**3 - 22. Let v be y(5). Let f = 1482 + v. What are the prime factors of f?
2, 5, 11
Let p = 13478 - 4997. List the prime factors of p.
3, 11, 257
Let i(j) = 4*j**2 + 23*j + 28. Let o be i(-5). Suppose b = -o*b + 6426. List the prime factors of b.
3, 17
Let u = 45864 + -21750. What are the prime factors of u?
2, 3, 4019
Suppose -7*g + 36 = -3*g - 2*t, -2*g + 14 = t. Suppose -3*w - 1310 = -g*w. What are the prime factors of w?
2, 131
List the prime factors of 29307/4 + -6 + 350/56.
17, 431
Let s = -74 + 75. Let h be 2*s - 10/(-5). Suppose 3*o - 12 = 0, -h*t - 5*o + 83 = -113. What are the prime factors of t?
2, 11
List the prime factors of 1*(-20606)/(-2) - -9*(-1)/(-3).
2, 5153
Suppose 0 = 1299*k - 1284*k - 220425. List the prime factors of k.
5, 2939
Let i(u) = -u**3 + 5*u**2 - 5*u - 2. Let a be i(2). Suppose a = -46*p + 50*p - 2480. List the prime factors of p.
2, 5, 31
Let o(d) = 3*d**2 - 62*d + 84. List the prime factors of o(49).
7, 607
Let y = -591 + -475. What are the prime factors of (-8)/(16/y) - -2?
5, 107
Let m(n) = 95 - 33 - 34 - 94*n - 23. List the prime factors of m(-2).
193
Let a(f) = f + 13. Let z be a(-8). List the prime factors of z + (-3 - -301) + 6.
3, 103
Let x = 1799 - 3019. Let q = 2024 + x. List the prime factors of q.
2, 3, 67
Suppose 19*d - 23*d - 4940 = 0. List the prime factors of d/(-39)*(1 - -8).
3, 5, 19
List the prime factors of -23208*((-171)/24 + 7).
3, 967
What are the prime factors of (-48 + 41 - (-680)/1)*60?
2, 3, 5, 673
Let o(r) = -r - 4. Let c be o(-8). Suppose -6 = -2*l + c. Suppose -2*h + 172 = 4*z, 32 + l = z - h. List the prime factors of z.
41
Suppose -21996 = 586*y - 592*y. Suppose -d - 5*d = -y. What are the prime factors of d?
13, 47
Suppose 0*s - 6 = -s - 4*d, -4*d = 0. Let f(x) = -10 - 2 + s + 22*x + 0. List the prime factors of f(4).
2, 41
Let v(g) = -23 - 15 + 47 - 10*g + 5*g**2 + g**3. Let s(n) = -5*n**3 - 2*n**2 + 3*n - 2. Let l be s(1). List the prime factors of v(l).
3, 11
Suppose 3*i + 27543 = 2*f, -f + 2*i = 7*i - 13804. List the prime factors of f.
3, 1531
Let m = 197 - 197. What are the prime factors of m + 1 + -3 + -3 + 212?
3, 23
Suppose -21*b + 593194 + 118635 = -198773. What are the prime factors of b?
2, 3, 11, 73
Suppose 5*w - 116963 = -987 + 58904. What are the prime factors of w?
2, 1093
Let u(g) = 3*g**2 - g + 26. Suppose 36*t - 13*t = 138. What are the prime factors of u(t)?
2
Let a = -27 + 44. Let p(q) = 2*q**2 + 12*q - 3*q + a + 3*q + 4*q. What are the prime factors of p(-10)?
3, 19
Let h(b) = 3*b**3 - 17*b**2 + 5*b + 5. Let n = 867 + -858. What are the prime factors of h(n)?
2, 5, 43
Let l(i) = 8771*i**3 + 2*i**2 - 2*i + 2. W